e greatest common divisor of u and 22?
11
Let j(s) = -s**2 + 3*s + 10. Let v be j(15). Let a = 269 + v. Let r be 2/(-7) + (-65)/(-7). Calculate the greatest common divisor of a and r.
9
Let l(u) be the first derivative of -1 + 1/3*u**3 - 3*u**2 + 7*u + 1/4*u**4. Let b be l(3). Calculate the greatest common factor of b and 10.
5
Let l = -816 + 843. What is the greatest common divisor of l and 9?
9
Let u = 1276 - 1249. Calculate the highest common divisor of 837 and u.
27
Let a = 38 - 34. Suppose -a*w - 2*k + 20 = 0, -3*w + 3*k = k - 15. Calculate the greatest common divisor of w and 5.
5
Suppose 7*m - 5*m = 1260. Suppose -m = -2*z - 0*z. Calculate the greatest common divisor of 35 and z.
35
Let x be 1/(1 + (-3)/4). Suppose x*t - 6 = 5*t. Let m be 1/t + (-57)/(-18). What is the greatest common divisor of 9 and m?
3
Let b(p) be the first derivative of -5*p**2/2 - 10*p - 15. Let u be b(-8). What is the greatest common factor of u and 15?
15
Suppose -3*j - 2998 = -4*s - 8*j, -756 = -s + 2*j. Calculate the highest common factor of 94 and s.
94
Let i = 262 - 172. Calculate the highest common factor of 54 and i.
18
Let o = 495 - 477. What is the highest common factor of 450 and o?
18
Let q = 38 - 38. Suppose q*h = 5*h - 5*f - 90, -2*f - 62 = -4*h. Calculate the highest common factor of 208 and h.
13
Suppose -7*f - 125 = -3*v - 12*f, 197 = 5*v - 3*f. What is the greatest common factor of v and 5?
5
Suppose -4*z - p + 28 = 0, -3*z - 5*p - 4 = -7*z. Let j(m) = -5 - z - 3 + 2*m. Let g be j(13). What is the highest common divisor of g and 120?
12
Suppose 0*k + 4*k - 3*v - 227 = 0, -3*k + 5*v = -162. Calculate the highest common factor of 295 and k.
59
Suppose -620 = -7*m + 451. Suppose 0 = -q + m + 36. Calculate the greatest common divisor of 27 and q.
27
Let d(o) be the first derivative of 3*o**4/4 - o**3/3 + 2*o**2 - o - 13. Let r be d(2). Calculate the highest common divisor of 3 and r.
3
Let a(o) = o + 26. Suppose 11 = -13*g - 145. Let l be a(g). What is the greatest common factor of 49 and l?
7
Let s be ((-105)/(-10) - 0)*4. Let z be 10*1/(10/56). What is the highest common factor of s and z?
14
Let c = -2 + 16. Let j = -99 - -88. Let s(g) = g**3 + 13*g**2 + 19*g - 26. Let n be s(j). What is the greatest common divisor of n and c?
7
Suppose -2*i + 85 = -5*c - 0, 256 = 5*i + 2*c. Calculate the greatest common divisor of i and 160.
10
Let l = 99 + -64. Suppose 4*g + 5 = 3*g - 5*z, -13 = -3*g - z. What is the greatest common factor of l and g?
5
Let v(t) = -21*t**3 + t**2 + 2*t + 2. Let r be v(-1). Suppose 264 = -c + 9*c. What is the greatest common factor of r and c?
11
Let u be 66/(-24) - (-6)/8. Let x be 1/u + 2511/18. Let z = x - 13. What is the greatest common divisor of 14 and z?
14
Suppose -2*c - 2*s = 14, -3*c + 2*s = -0*s + 1. Let h(j) = -52*j + 9. Let f be h(c). What is the highest common factor of f and 15?
15
Let r be (-10)/4*(-56)/7. Suppose -g = 4*g - r. What is the highest common divisor of 2 and g?
2
Let c be ((-65)/5)/(2/(-6)). Let p be 182/c - 1/(-3). Suppose p*u = 47 - 27. What is the greatest common factor of u and 2?
2
Suppose -132 = -2*c - 3*c + 2*m, 0 = 4*c + 4*m - 100. Let n = 22 - c. Let a be (3 + -1)/(n/(-26)). What is the greatest common factor of 65 and a?
13
Let b be (-1)/(2/(-10)*1). Suppose -3*g + b = 2*m - 7*m, -3*m = -15. Let q(l) = 2*l - 11. Let o be q(g). What is the greatest common divisor of o and 99?
9
Suppose -44 = -4*a + 32. Let i(b) be the second derivative of 11*b**3/3 + 11*b**2/2 - 3*b. Let k be i(9). What is the highest common factor of a and k?
19
Suppose 4*c + 2*z = -c + 9, 0 = -5*c + 4*z - 3. Let m = 93 - 82. What is the greatest common factor of c and m?
1
Let g be -5*(1 + 2 + 184/(-40)). Let y(q) = -2*q - 2. Let t be y(-2). Calculate the highest common divisor of t and g.
2
Let n(t) = 3*t**3 + 5*t**2 + 18*t - 5. Let p be n(8). Calculate the greatest common divisor of 210 and p.
105
Let i(k) = -k**3 - 14*k**2 - 15*k + 19. Suppose -u = 2*u - 60. Let v = 7 - u. Let o be i(v). Calculate the highest common divisor of o and 9.
9
Let f = -129 + 519. What is the highest common divisor of 30 and f?
30
Let d(g) = g**2 - 27*g + 78. Let i be d(26). Calculate the highest common factor of 754 and i.
26
Let i = -361 - -368. Let k(r) = 3*r + 36. Let m be k(16). What is the highest common factor of m and i?
7
Let a be (-16)/(-104) + 880/26. What is the greatest common factor of 102 and a?
34
Let l(k) = k**2 + 6*k + 4. Let u be l(-7). What is the greatest common factor of u and 1947?
11
Let y be (-8)/(((-15)/(-720))/(1/(-2))). What is the greatest common factor of y and 56?
8
Let d(l) = l**2 - 14*l - 8. Let m be d(-12). Suppose -73 = 7*s - m. What is the highest common divisor of s and 11?
11
Let y(f) = 4*f**2 - 6*f + 8. Let s be y(8). Suppose 2*n + 142 = 5*i + 16, -i + 5*n = -39. What is the greatest common factor of s and i?
24
Let v(q) = q**3 + 15. Let p be v(0). Let m(j) = 4*j - 59. Let s be m(16). Calculate the greatest common factor of s and p.
5
Let q be -1 + 135 - (3 + -4). Let b be ((-2)/(20/q))/((-2)/16). Calculate the greatest common divisor of b and 12.
12
Suppose 117 + 107 = 4*y. Let s(k) = 4*k**2 + 12*k + 15. Let d be s(-2). What is the highest common divisor of y and d?
7
Suppose r = -10 + 34. Suppose -6*b - 34 = -5*z - 3*b, -r = -2*z - 4*b. Calculate the greatest common factor of 72 and z.
8
Let c be (-52 - -9)*1*1*-4. What is the highest common divisor of 1118 and c?
86
Let u = -1930 - -2435. Calculate the highest common divisor of 101 and u.
101
Let j be 7144/14 + 16/(-56). Let o = j - -122. Let b be o/56 + (-4)/14. What is the greatest common divisor of b and 77?
11
Let b = 60 + -46. Let g(k) = k**3 - 14*k**2 + 9*k + 4. Let c be g(b). What is the highest common factor of c and 13?
13
Suppose 6 = -2*f - 0*f. Let m be (4/(-12)*f)/(1/2). What is the highest common divisor of m and 1?
1
Let b(c) = -c**2 - 2*c**2 - c**2 + 3*c**2 + 8*c. Let k be b(6). Let q = 38 - k. Calculate the greatest common factor of q and 65.
13
Let p = -28 + 272. What is the highest common divisor of 549 and p?
61
Suppose -4*t = 2*g + 17 + 15, -4*g - 3*t = 39. Let h be ((-8)/14)/(g/42). Let b be (-12)/(h/(-64)*6). What is the greatest common divisor of b and 16?
16
Let t(u) = 2*u - 2. Let b be t(2). Suppose -5 = -b*p + 1. Suppose 2*x - p*c - 32 = c, -2*x + 3*c + 33 = 0. What is the highest common factor of 12 and x?
6
Let n = -9 - 3. Let z be (n/(-8) + -1)/(5/420). Let c be (-4)/14 + (-198)/(-7). What is the greatest common factor of c and z?
14
Let f be ((-52)/(-6))/(2/3). Let o = -258 + 375. Calculate the highest common divisor of f and o.
13
Let s = -1983 + 2028. What is the highest common divisor of 216 and s?
9
Let y(b) = 35*b + 49. Let k be y(7). Suppose 6*l - 378 = k. What is the greatest common factor of 7 and l?
7
Suppose 4*m + m - 340 = 0. Let j be (-1)/(-4) - (-391)/m. Suppose -j = 4*w + 10, -3*w - 40 = -y. Calculate the greatest common factor of y and 42.
14
Let f be ((-32)/(-4))/(-4*7/(-84)). What is the greatest common factor of 54 and f?
6
Let p be (-10)/(-45) - 215/(-45) - -431. What is the greatest common divisor of p and 109?
109
Let k(l) = 21*l**3 - l + 1. Let r be k(1). Let n be -45 - (-2 - 8/(-2)). Let z = n - -68. What is the greatest common factor of r and z?
21
Let f be -2 + 7/(7/(-36)). Let v = f - -48. Calculate the greatest common divisor of 15 and v.
5
Let a be (2 - -1)/((-6)/(-4)). Suppose -14 = 2*g - 4*g. Let b = 1 + g. What is the highest common divisor of b and a?
2
Suppose 5*r + 5*k = -0 + 15, -7 = -5*r - k. Let w(v) = 49*v**2 + v. Let t be w(r). Let u = 223 - 148. What is the greatest common factor of u and t?
25
Let c be 3/(-9) - (530/(-6) + 4). What is the highest common factor of c and 60?
12
Let n be (-6)/(-18) + 350/3. Let g be 0*1/6*3. Suppose g = -2*j + 2*i + 3*i + 31, -2*j + 4*i = -30. Calculate the highest common factor of j and n.
13
Let z = 97 - 54. Let i = z + -28. Suppose -t + i + 45 = 0. Calculate the greatest common divisor of 24 and t.
12
Let h be (2013/44)/((-9)/(-96)). Let j = -323 + h. Calculate the highest common factor of 11 and j.
11
Suppose 0 = -8*r - 362 + 1226. Let s be ((-9)/(-6))/((-3)/(-54)). What is the greatest common factor of r and s?
27
Suppose -17*a + 6610 = -1805.